{"id":104,"date":"2023-11-13T11:06:45","date_gmt":"2023-11-13T10:06:45","guid":{"rendered":"https:\/\/patisserie-neu.fr\/?page_id=104"},"modified":"2025-11-24T19:24:23","modified_gmt":"2025-11-24T18:24:23","slug":"vos-commandes","status":"publish","type":"page","link":"https:\/\/patisserie-neu.fr\/index.php\/vos-commandes\/","title":{"rendered":"Retrait des commandes"},"content":{"rendered":"\n<div style=\"height:34px\" aria-hidden=\"true\" class=\"wp-block-spacer\"><\/div>\n\n\n\n<p class=\"has-text-align-center\">Le\u00a0<strong>retrait<\/strong>\u00a0de vos g\u00e2teaux ne peut se faire UNIQUEMENT le <strong>jeudi <\/strong>de 11h30 \u00e0 13h.<\/p>\n\n\n\n<p class=\"has-text-align-center\">Vos commandes devront \u00eatre pass\u00e9es&nbsp;<strong>avant mardi  soir<\/strong>. <\/p>\n\n\n\n<p class=\"has-text-align-center\">En effet, certaines pr\u00e9parations demandent du temps de repos !<\/p>\n\n\n\n<hr class=\"wp-block-separator has-alpha-channel-opacity\"\/>\n\n\n\n<p class=\"has-text-align-center\">Le retrait des commandes se fait \u00e0 l&rsquo;atelier, au 1 chemin de la gare \u00e0 Accous.<\/p>\n\n\n\n<hr class=\"wp-block-separator has-alpha-channel-opacity\"\/>\n\n\n\n<p class=\"has-text-align-center\">Vous pouvez \u00e9galement retrouver mes p\u00e2tisseries et cookies <strong>\u00e0 l&rsquo;\u00e9picerie de Bedous<\/strong> : \u00ab\u00a0Le Bazar Aspois\u00a0\u00bb <strong>les vendredis et samedis.<\/strong><\/p>\n\n\n\n<hr class=\"wp-block-separator has-alpha-channel-opacity\"\/>\n\n\n","protected":false},"excerpt":{"rendered":"<p>Le\u00a0retrait\u00a0de vos g\u00e2teaux ne peut se faire UNIQUEMENT le jeudi de 11h30 \u00e0 13h. Vos commandes devront \u00eatre pass\u00e9es&nbsp;avant mardi soir. En effet, certaines pr\u00e9parations demandent du temps de repos ! Le retrait des commandes se fait \u00e0 l&rsquo;atelier, au 1 chemin de la gare \u00e0 Accous. Vous pouvez \u00e9galement retrouver mes p\u00e2tisseries et cookies&hellip;&nbsp;<a href=\"https:\/\/patisserie-neu.fr\/index.php\/vos-commandes\/\" class=\"\" rel=\"bookmark\">Lire la suite &raquo;<span class=\"screen-reader-text\">Retrait des commandes<\/span><\/a><\/p>\n","protected":false},"author":1,"featured_media":0,"parent":0,"menu_order":0,"comment_status":"closed","ping_status":"closed","template":"","meta":{"_uag_custom_page_level_css":"","_monsterinsights_skip_tracking":false,"_monsterinsights_sitenote_active":false,"_monsterinsights_sitenote_note":"","_monsterinsights_sitenote_category":0,"neve_meta_sidebar":"","neve_meta_container":"","neve_meta_enable_content_width":"","neve_meta_content_width":0,"neve_meta_title_alignment":"","neve_meta_author_avatar":"","neve_post_elements_order":"","neve_meta_disable_header":"","neve_meta_disable_footer":"","neve_meta_disable_title":"","footnotes":""},"class_list":["post-104","page","type-page","status-publish","hentry"],"yoast_head":"<!-- This site is optimized with the Yoast SEO plugin v21.5 - https:\/\/yoast.com\/wordpress\/plugins\/seo\/ -->\n<title>Retrait des commandes - P\u00e2tisserie Ne\u00fc<\/title>\n<meta name=\"robots\" content=\"index, follow, max-snippet:-1, max-image-preview:large, max-video-preview:-1\" \/>\n<link rel=\"canonical\" href=\"https:\/\/patisserie-neu.fr\/index.php\/vos-commandes\/\" \/>\n<meta property=\"og:locale\" content=\"fr_FR\" \/>\n<meta property=\"og:type\" content=\"article\" \/>\n<meta property=\"og:title\" content=\"Retrait des commandes - P\u00e2tisserie Ne\u00fc\" \/>\n<meta property=\"og:description\" content=\"Le\u00a0retrait\u00a0de vos g\u00e2teaux ne peut se faire UNIQUEMENT le jeudi de 11h30 \u00e0 13h. Vos commandes devront \u00eatre pass\u00e9es&nbsp;avant mardi soir. En effet, certaines pr\u00e9parations demandent du temps de repos ! Le retrait des commandes se fait \u00e0 l&rsquo;atelier, au 1 chemin de la gare \u00e0 Accous. Vous pouvez \u00e9galement retrouver mes p\u00e2tisseries et cookies&hellip;&nbsp;Lire la suite &raquo;Retrait des commandes\" \/>\n<meta property=\"og:url\" content=\"https:\/\/patisserie-neu.fr\/index.php\/vos-commandes\/\" \/>\n<meta property=\"og:site_name\" content=\"P\u00e2tisserie Ne\u00fc\" \/>\n<meta property=\"article:publisher\" content=\"https:\/\/www.facebook.com\/Melaine.Gourmandises\" \/>\n<meta property=\"article:modified_time\" content=\"2025-11-24T18:24:23+00:00\" \/>\n<meta property=\"og:image\" content=\"https:\/\/patisserie-neu.fr\/wp-content\/uploads\/2023\/11\/cropped-logo_neu_rvb_fond-blanc-1.jpg\" \/>\n\t<meta property=\"og:image:width\" content=\"512\" \/>\n\t<meta property=\"og:image:height\" content=\"512\" \/>\n\t<meta property=\"og:image:type\" content=\"image\/jpeg\" \/>\n<meta name=\"twitter:card\" content=\"summary_large_image\" \/>\n<meta name=\"twitter:label1\" content=\"Dur\u00e9e de lecture estim\u00e9e\" \/>\n\t<meta name=\"twitter:data1\" content=\"1 minute\" \/>\n<script type=\"application\/ld+json\" class=\"yoast-schema-graph\">{\"@context\":\"https:\/\/schema.org\",\"@graph\":[{\"@type\":\"WebPage\",\"@id\":\"https:\/\/patisserie-neu.fr\/index.php\/vos-commandes\/\",\"url\":\"https:\/\/patisserie-neu.fr\/index.php\/vos-commandes\/\",\"name\":\"Retrait des commandes - P\u00e2tisserie Ne\u00fc\",\"isPartOf\":{\"@id\":\"https:\/\/patisserie-neu.fr\/#website\"},\"datePublished\":\"2023-11-13T10:06:45+00:00\",\"dateModified\":\"2025-11-24T18:24:23+00:00\",\"breadcrumb\":{\"@id\":\"https:\/\/patisserie-neu.fr\/index.php\/vos-commandes\/#breadcrumb\"},\"inLanguage\":\"fr-FR\",\"potentialAction\":[{\"@type\":\"ReadAction\",\"target\":[\"https:\/\/patisserie-neu.fr\/index.php\/vos-commandes\/\"]}]},{\"@type\":\"BreadcrumbList\",\"@id\":\"https:\/\/patisserie-neu.fr\/index.php\/vos-commandes\/#breadcrumb\",\"itemListElement\":[{\"@type\":\"ListItem\",\"position\":1,\"name\":\"Accueil\",\"item\":\"https:\/\/patisserie-neu.fr\/\"},{\"@type\":\"ListItem\",\"position\":2,\"name\":\"Retrait des commandes\"}]},{\"@type\":\"WebSite\",\"@id\":\"https:\/\/patisserie-neu.fr\/#website\",\"url\":\"https:\/\/patisserie-neu.fr\/\",\"name\":\"P\u00e2tisserie Ne\u00fc\",\"description\":\"\",\"publisher\":{\"@id\":\"https:\/\/patisserie-neu.fr\/#organization\"},\"alternateName\":\"Ne\u00fc\",\"potentialAction\":[{\"@type\":\"SearchAction\",\"target\":{\"@type\":\"EntryPoint\",\"urlTemplate\":\"https:\/\/patisserie-neu.fr\/?s={search_term_string}\"},\"query-input\":\"required name=search_term_string\"}],\"inLanguage\":\"fr-FR\"},{\"@type\":\"Organization\",\"@id\":\"https:\/\/patisserie-neu.fr\/#organization\",\"name\":\"Patisserie Ne\u00fc\",\"url\":\"https:\/\/patisserie-neu.fr\/\",\"logo\":{\"@type\":\"ImageObject\",\"inLanguage\":\"fr-FR\",\"@id\":\"https:\/\/patisserie-neu.fr\/#\/schema\/logo\/image\/\",\"url\":\"https:\/\/patisserie-neu.fr\/wp-content\/uploads\/2023\/11\/cropped-logo_neu_rvb_fond-blanc-1.jpg\",\"contentUrl\":\"https:\/\/patisserie-neu.fr\/wp-content\/uploads\/2023\/11\/cropped-logo_neu_rvb_fond-blanc-1.jpg\",\"width\":512,\"height\":512,\"caption\":\"Patisserie Ne\u00fc\"},\"image\":{\"@id\":\"https:\/\/patisserie-neu.fr\/#\/schema\/logo\/image\/\"},\"sameAs\":[\"https:\/\/www.facebook.com\/Melaine.Gourmandises\",\"https:\/\/www.instagram.com\/patisserie.neu\/\"]}]}<\/script>\n<!-- \/ Yoast SEO plugin. -->","yoast_head_json":{"title":"Retrait des commandes - P\u00e2tisserie Ne\u00fc","robots":{"index":"index","follow":"follow","max-snippet":"max-snippet:-1","max-image-preview":"max-image-preview:large","max-video-preview":"max-video-preview:-1"},"canonical":"https:\/\/patisserie-neu.fr\/index.php\/vos-commandes\/","og_locale":"fr_FR","og_type":"article","og_title":"Retrait des commandes - P\u00e2tisserie Ne\u00fc","og_description":"Le\u00a0retrait\u00a0de vos g\u00e2teaux ne peut se faire UNIQUEMENT le jeudi de 11h30 \u00e0 13h. Vos commandes devront \u00eatre pass\u00e9es&nbsp;avant mardi soir. En effet, certaines pr\u00e9parations demandent du temps de repos ! Le retrait des commandes se fait \u00e0 l&rsquo;atelier, au 1 chemin de la gare \u00e0 Accous. Vous pouvez \u00e9galement retrouver mes p\u00e2tisseries et cookies&hellip;&nbsp;Lire la suite &raquo;Retrait des commandes","og_url":"https:\/\/patisserie-neu.fr\/index.php\/vos-commandes\/","og_site_name":"P\u00e2tisserie Ne\u00fc","article_publisher":"https:\/\/www.facebook.com\/Melaine.Gourmandises","article_modified_time":"2025-11-24T18:24:23+00:00","og_image":[{"width":512,"height":512,"url":"https:\/\/patisserie-neu.fr\/wp-content\/uploads\/2023\/11\/cropped-logo_neu_rvb_fond-blanc-1.jpg","type":"image\/jpeg"}],"twitter_card":"summary_large_image","twitter_misc":{"Dur\u00e9e de lecture estim\u00e9e":"1 minute"},"schema":{"@context":"https:\/\/schema.org","@graph":[{"@type":"WebPage","@id":"https:\/\/patisserie-neu.fr\/index.php\/vos-commandes\/","url":"https:\/\/patisserie-neu.fr\/index.php\/vos-commandes\/","name":"Retrait des commandes - P\u00e2tisserie Ne\u00fc","isPartOf":{"@id":"https:\/\/patisserie-neu.fr\/#website"},"datePublished":"2023-11-13T10:06:45+00:00","dateModified":"2025-11-24T18:24:23+00:00","breadcrumb":{"@id":"https:\/\/patisserie-neu.fr\/index.php\/vos-commandes\/#breadcrumb"},"inLanguage":"fr-FR","potentialAction":[{"@type":"ReadAction","target":["https:\/\/patisserie-neu.fr\/index.php\/vos-commandes\/"]}]},{"@type":"BreadcrumbList","@id":"https:\/\/patisserie-neu.fr\/index.php\/vos-commandes\/#breadcrumb","itemListElement":[{"@type":"ListItem","position":1,"name":"Accueil","item":"https:\/\/patisserie-neu.fr\/"},{"@type":"ListItem","position":2,"name":"Retrait des commandes"}]},{"@type":"WebSite","@id":"https:\/\/patisserie-neu.fr\/#website","url":"https:\/\/patisserie-neu.fr\/","name":"P\u00e2tisserie Ne\u00fc","description":"","publisher":{"@id":"https:\/\/patisserie-neu.fr\/#organization"},"alternateName":"Ne\u00fc","potentialAction":[{"@type":"SearchAction","target":{"@type":"EntryPoint","urlTemplate":"https:\/\/patisserie-neu.fr\/?s={search_term_string}"},"query-input":"required name=search_term_string"}],"inLanguage":"fr-FR"},{"@type":"Organization","@id":"https:\/\/patisserie-neu.fr\/#organization","name":"Patisserie Ne\u00fc","url":"https:\/\/patisserie-neu.fr\/","logo":{"@type":"ImageObject","inLanguage":"fr-FR","@id":"https:\/\/patisserie-neu.fr\/#\/schema\/logo\/image\/","url":"https:\/\/patisserie-neu.fr\/wp-content\/uploads\/2023\/11\/cropped-logo_neu_rvb_fond-blanc-1.jpg","contentUrl":"https:\/\/patisserie-neu.fr\/wp-content\/uploads\/2023\/11\/cropped-logo_neu_rvb_fond-blanc-1.jpg","width":512,"height":512,"caption":"Patisserie Ne\u00fc"},"image":{"@id":"https:\/\/patisserie-neu.fr\/#\/schema\/logo\/image\/"},"sameAs":["https:\/\/www.facebook.com\/Melaine.Gourmandises","https:\/\/www.instagram.com\/patisserie.neu\/"]}]}},"jetpack_sharing_enabled":true,"uagb_featured_image_src":{"full":false,"thumbnail":false,"medium":false,"medium_large":false,"large":false,"1536x1536":false,"2048x2048":false,"neve-blog":false},"uagb_author_info":{"display_name":"admin8768","author_link":"https:\/\/patisserie-neu.fr\/index.php\/author\/admin8768\/"},"uagb_comment_info":0,"uagb_excerpt":"Le\u00a0retrait\u00a0de vos g\u00e2teaux ne peut se faire UNIQUEMENT le jeudi de 11h30 \u00e0 13h. Vos commandes devront \u00eatre pass\u00e9es&nbsp;avant mardi soir. En effet, certaines pr\u00e9parations demandent du temps de repos ! Le retrait des commandes se fait \u00e0 l&rsquo;atelier, au 1 chemin de la gare \u00e0 Accous. Vous pouvez \u00e9galement retrouver mes p\u00e2tisseries et cookies&hellip;&nbsp;Lire\u2026","_links":{"self":[{"href":"https:\/\/patisserie-neu.fr\/index.php\/wp-json\/wp\/v2\/pages\/104","targetHints":{"allow":["GET"]}}],"collection":[{"href":"https:\/\/patisserie-neu.fr\/index.php\/wp-json\/wp\/v2\/pages"}],"about":[{"href":"https:\/\/patisserie-neu.fr\/index.php\/wp-json\/wp\/v2\/types\/page"}],"author":[{"embeddable":true,"href":"https:\/\/patisserie-neu.fr\/index.php\/wp-json\/wp\/v2\/users\/1"}],"replies":[{"embeddable":true,"href":"https:\/\/patisserie-neu.fr\/index.php\/wp-json\/wp\/v2\/comments?post=104"}],"version-history":[{"count":28,"href":"https:\/\/patisserie-neu.fr\/index.php\/wp-json\/wp\/v2\/pages\/104\/revisions"}],"predecessor-version":[{"id":1290,"href":"https:\/\/patisserie-neu.fr\/index.php\/wp-json\/wp\/v2\/pages\/104\/revisions\/1290"}],"wp:attachment":[{"href":"https:\/\/patisserie-neu.fr\/index.php\/wp-json\/wp\/v2\/media?parent=104"}],"curies":[{"name":"wp","href":"https:\/\/api.w.org\/{rel}","templated":true}]}}